What is the units digit of q?
6
Suppose 9*w = 12*w + 6. Let h(d) = 7*d**2 + 6*d + 6. What is the units digit of h(w)?
2
Suppose 0*p - 35 = -5*p. Suppose -n + 2 = u, 3*u - p*u = 5*n - 8. What is the units digit of u?
2
Suppose -25 = 2*v + 35. Let o = 57 + v. What is the tens digit of o?
2
Suppose 0 = 2*s + 4*y + 20, -3*s + 4*y = -2 + 22. Let f be ((-15)/4)/(2/s). Suppose 4 - f = -p. What is the tens digit of p?
1
Suppose 30 - 93 = -3*f. What is the units digit of f?
1
Suppose -4*f - 69 + 289 = 0. Suppose 4*o + o - f = 0. Suppose -o - 4 = -5*k. What is the units digit of k?
3
Let r be 3 + -1 - (-65 - -1). What is the units digit of 1/(3*2/r)?
1
Suppose 4*i - 19 = 13. Let u(g) = -g**2 + 11*g + 7. What is the units digit of u(i)?
1
Suppose 0*y + 5*y + 5*q - 35 = 0, -9 = -3*q. What is the units digit of y?
4
Let q(f) = -f + 2. Let y be q(7). Let r be (y/(15/(-18)))/2. Suppose 0 = u - b - 22, r*u - b - 60 = -0*b. What is the tens digit of u?
1
Let z(v) = -3*v - 2. Let j be z(-3). Suppose -4*s - 1 = -2*d + j*d, -5*s = -2*d - 40. What is the units digit of s?
6
Let t = -2 + 4. Let y be 2 + (-1*t - 1). What is the units digit of y/(-3) - 60/(-9)?
7
Let j = 13 - 32. Suppose -3 = p - 32. Let h = j + p. What is the tens digit of h?
1
What is the tens digit of (12/(-54)*24)/((-2)/72)?
9
Let l = 8 + -4. Suppose f + l = 10. What is the units digit of f?
6
Suppose -8*g = -250 - 22. What is the units digit of g?
4
Let n = -472 + 288. Let c be (1/2)/((-4)/n). Suppose -l = -u - 4*u + 21, 0 = -2*l - 3*u + c. What is the units digit of l?
4
Let k(i) = 3*i**2 + 162*i - 162*i. What is the units digit of k(3)?
7
Let m = -399 - -595. What is the hundreds digit of m?
1
Let z(b) = 1. Let j(a) = a + 2. Let w(p) = j(p) - 3*z(p). What is the units digit of w(4)?
3
Let c be (-1)/3 - 50/(-6). Suppose 0 = -3*o + c*o. Suppose -a + 2*a - 3 = o. What is the units digit of a?
3
Suppose -2*a = -4*a - 2. What is the units digit of 3 + 1 + 3/a?
1
Suppose -27 = 2*h - 127. What is the units digit of h?
0
Let o(z) = 2*z**2 - 2*z - 2. What is the units digit of o(2)?
2
Let w(s) = 4*s - 5. What is the units digit of w(8)?
7
What is the hundreds digit of -60*2/(16/(-26))?
1
Let r = -15 + 22. Suppose r + 158 = 5*s. What is the tens digit of s?
3
Suppose -3*o = -0*o - 3*v - 21, -o + 2*v = -6. Suppose o*n + 93 = 11*n. What is the units digit of n?
1
Let r = -3 + 6. Suppose 5*n + 3*a - 85 = 0, 2*n + 4*a - 34 = r*a. What is the units digit of n?
7
Let f(g) = g**3 - 10*g**2 - 5. Let t be f(10). Let a = t + 5. Let i = a - -6. What is the units digit of i?
6
Suppose 5*v = 4*k + 303, -2*v + 4*k + 117 = -9. What is the tens digit of v?
5
Let a = 7 - 7. Suppose -4*y + 3*t + 164 = a, 0*t + t = -4. What is the tens digit of y?
3
What is the units digit of 2/(4 - (-87)/(-22))?
4
What is the tens digit of 18 + ((-4)/1 - 0)?
1
Let h(b) = b**3 + 15*b**2 - 16*b - 20. Let d(w) = -w**3 - 15*w**2 + 16*w + 20. Let f(v) = 5*d(v) + 4*h(v). What is the units digit of f(-16)?
0
Let k be (2/4)/((-1)/(-8)). Suppose -y = y - k. What is the units digit of y?
2
Suppose 0 = 5*z - 4*z. Suppose z = -5*p - 9 - 16. What is the units digit of ((-14)/(-5))/((-2)/p)?
7
Suppose 5*m - 345 = -5*r - 0*r, -m + 197 = 3*r. What is the tens digit of r?
6
Let d be ((-32)/(-12))/((-4)/(-6)). Suppose -26 = -d*s + 22. What is the units digit of s?
2
What is the tens digit of (10/(-20))/(1/(-102))?
5
Suppose 4*g = 2*g + 28. Suppose 3*n = 5*n + g. Let p = n - -9. What is the units digit of p?
2
Let z(u) be the first derivative of u**4/4 + u**3/3 - u**2/2 - 2. Let d be z(0). Suppose -3*t - 3 + 15 = d. What is the units digit of t?
4
Suppose 5*t = k + 545, -84 - 25 = -t - 4*k. What is the units digit of t?
9
Let i(x) = -x**2 - x + 2. Let l be i(3). Let h = 3 - 3. Let b = h - l. What is the units digit of b?
0
Let k = -6 - -10. Suppose 4*f + k*z - 48 - 20 = 0, -3*f - 4*z + 53 = 0. What is the tens digit of f?
1
Suppose -2*q = -5*g + 115, -59 = -4*g - 5*q - 0*q. What is the units digit of 132/g - 2/7?
6
Let s be 21 - (-1 + 2 + 1). Suppose -s = -2*a + 47. What is the tens digit of a?
3
Let f(o) = 3*o - 1. Let t be f(7). Suppose -8 + 4 = -n. Suppose -4*g + t = -n. What is the units digit of g?
6
What is the tens digit of (-151)/(-5) - 2/10?
3
What is the units digit of (-27 + 24)*94/(-6)?
7
Let q = -115 - -218. What is the units digit of q?
3
Let m be (-2)/4*(3 + -9). Let j = m - 3. Suppose -2*f - 4*d + 24 = 0, 3*f + d - 4*d - 9 = j. What is the units digit of f?
6
Let k(h) = -184*h + 4. What is the hundreds digit of k(-1)?
1
Suppose 0 = -h - 2*h + r, -5*r = 2*h. Suppose 0*m = 3*a + m - 8, h = 2*a + 2*m. What is the units digit of a?
4
Suppose -h = -3*l + l - 84, l + 20 = -5*h. Let t be (-2)/(-5) - 224/l. Suppose 24 = -2*q + t*q. What is the units digit of q?
6
Let z(o) = o**3 - 4*o**2 - 4*o - 1. Let r(b) = -4*b**3 + 11*b**2 + 11*b + 3. Let c(k) = -4*r(k) - 11*z(k). Let h = -6 + 7. What is the units digit of c(h)?
4
Suppose 2*q - 5*q - 2*t = -28, 0 = -5*t - 20. Suppose -2*a = x - 5 + 1, 5*x = 3*a + 7. Suppose x*n + q = 46. What is the units digit of n?
7
Suppose 0 = -2*a - 5*b + 385, -2*b + 7*b - 15 = 0. What is the tens digit of a?
8
Let u(m) = -5*m**3 - m**2 - m - 1. What is the tens digit of u(-2)?
3
Suppose -3*c = 21 + 12. Let p = c + 19. Suppose i - 7 - p = 0. What is the units digit of i?
5
Let f(p) = p**2 - 6*p - 1. Let g be f(5). Let m(k) = 3*k**2 - 3*k. Let j(t) = -2*t**2 + 4*t - 1. Let u(i) = -4*j(i) - 3*m(i). What is the units digit of u(g)?
0
Let q(r) = r + 5. Let p be q(-8). Let i = p - -2. What is the units digit of i*(-1)/((-3)/(-15))?
5
Suppose -195 = -h - 4*h. What is the units digit of h?
9
Let z(s) = -7*s - 6. Let m = -4 - 0. What is the units digit of z(m)?
2
Let g(a) = -a**2 + 6*a - 2. Let w be g(6). What is the units digit of 6/4 + w/4?
1
Suppose 4*m = -3*p + 8 - 1, 5*m - 4*p - 1 = 0. Let b(v) = 5*v**3 - v**2 - v + 1. Let j be b(m). Suppose -j*g = -13 + 1. What is the units digit of g?
3
Let g be 1/3 + 12/(-9). Let h be 35/30 - g/(-6). Let w = h + 0. What is the units digit of w?
1
Let a(d) be the second derivative of -d**5/20 - d**4/3 - d**3/3 + 2*d**2 - 2*d. What is the units digit of a(-3)?
1
What is the hundreds digit of (-2)/(-16) - (-6995)/40?
1
Let x = -2 + 5. Suppose 3*i = -2*v + 19, -2*v + 2*i = x*v - 57. What is the tens digit of v?
1
Let b = 7 - 15. What is the units digit of 76/8 - (-4)/b?
9
Let l = 119 - 57. What is the units digit of l?
2
Let c(d) = -3*d**3 + d. Let z = 7 - 8. What is the units digit of c(z)?
2
Let s = 1046 + -661. Let k be s/28 + 1/4. Suppose g - v = 2*v - k, 5*g - 3*v + 10 = 0. What is the units digit of g?
1
Let b(g) = 16*g**2 + 5*g + 26. What is the tens digit of b(-3)?
5
Let m = 22 - 13. Let q = -1 + m. What is the units digit of q?
8
What is the units digit of 110/25*10/4?
1
Let j = 1 - 25. Let k = j + 34. What is the units digit of k?
0
Let w = 83 + -55. Suppose 0 = 8*g - 4*g - w. What is the units digit of g?
7
Let g(z) = 3*z - 3 + 2*z**2 + 8 + z - 3. Suppose -6*k + 2*k - 8 = 0. What is the units digit of g(k)?
2
What is the tens digit of 1196/13 + 0/2?
9
Let o = 76 - 38. Suppose 3*z + 3*a = 30, -4*a - o = -3*z + 27. What is the units digit of z?
5
Let v be 3/((-3 - -5)/12). Suppose 0 = 2*s + s - v. What is the units digit of s?
6
Let u = 3 + -1. Suppose 5*x + 4*k - 4 = 0, -8 = -u*k + 4*k. What is the units digit of x?
4
Let y(b) = b**2 + 7*b + 1. Let q be y(-7). Let u(o) = o**3 - 5*o**2 + 5*o. Let i be u(4). What is the units digit of (q + 3/(-6))*i?
2
Let s be (-5)/20 - 25/(-4). Let p be (2/2)/(2/s). Suppose -42 = m - p*m. What is the tens digit of m?
2
Let w(u) = -u. Let t(l) = -4*l. Let j(a) = -6*t(a) + 26*w(a). What is the tens digit of j(-5)?
1
Let o(h) = -h**2 - 2*h + 1. Let v be o(-3). Let z = v + 2. Suppose -5*d + 4*g - 2*g + 32 = 0, d - 2*g = z. What is the units digit of d?
8
Let v(t) = t**2 - t - 16. Let m be 5 - (12/4)/(-1). What is the units digit of v(m)?
0
Let h be 3/12*2*86. What is the units digit of (-3)/3 + -1 + h?
1
Let x be (-2)/(-8) - 6/(-8). Suppose -6*j = 3*l - 3*j + 3, -2*j = 0. What is the units digit of 9 + x + l + 1?
0
Let i be 16/12*(-6)/(-4). Let v = 4 - i. Suppose -14 = -0*s - v*s. What is the units digit of s?
7
Suppose 3*r = 6*r - 372. Suppose 3*f 